{"id":4953,"date":"2014-10-10T23:59:13","date_gmt":"2014-10-10T23:59:13","guid":{"rendered":"http:\/\/www.papeleriacomplutense.com\/blog\/?page_id=195"},"modified":"2020-06-06T22:41:32","modified_gmt":"2020-06-06T22:41:32","slug":"publicidad-papeleria-complutense-copias-ploteo","status":"publish","type":"page","link":"https:\/\/www.papeleriacomplutense.com\/?page_id=4953","title":{"rendered":"Publicidad"},"content":{"rendered":"<div id=\"pl-4953\"  class=\"panel-layout\" ><div id=\"pg-4953-0\"  class=\"panel-grid panel-no-style\" ><div id=\"pgc-4953-0-0\"  class=\"panel-grid-cell\" >\n\n          <div id=\"panel-4953-0-0-0\" class=\"so-panel widget widget_virtue_infobox_widget virtue_infobox_widget panel-first-child\" data-index=\"0\" >\t\t<div class=\"kad-info-box kad-info-box-66  clearfix\" style=\"background:#f2f2f2\">\n\t\t \n\t\t\t\t<i class=\"icon-palette kad-circle-iconclass\" style=\"background:#81d742; font-size:48px; color:#ffffff\"><\/i>\n\t\t <h4>Formato Peque\u00f1o<\/h4> <p>Aqui podr\u00e1 encargar: libros, revistas, cat\u00e1logos, folletos plegados, flyers, invitaciones. etiquetas y cualquier otra impresi\u00f3n necesaria para sus comunicaciones privadas o profesionales.<\/p>\t<\/div>\n\t<style type=\"text\/css\" media=\"screen\">.kad-info-box-66 h1, .kad-info-box-66 h2, .kad-info-box-66 h3, .kad-info-box-66 h4, .kad-info-box-66 h5, .kad-info-box-66 p {color:#000000;}<\/style>\t<\/div>\n    \n\n          <div id=\"panel-4953-0-0-1\" class=\"so-panel widget widget_virtue_infobox_widget virtue_infobox_widget\" data-index=\"1\" >\t\t<div class=\"kad-info-box kad-info-box-47  clearfix\" style=\"background:#f2f2f2\">\n\t\t \n\t\t\t\t<i class=\"icon-pen kad-circle-iconclass\" style=\"background:#81d742; font-size:48px; color:#ffffff\"><\/i>\n\t\t <h4>Imp. metalizada<\/h4> <p>Impresi\u00f3n con acabado metalizado para un mayor impacto. Productos en cart\u00f3n con acabado metalizado, posible efecto brillante gracias al barniz drip off, realzado del texto<\/p>\t<\/div>\n\t<style type=\"text\/css\" media=\"screen\">.kad-info-box-47 h1, .kad-info-box-47 h2, .kad-info-box-47 h3, .kad-info-box-47 h4, .kad-info-box-47 h5, .kad-info-box-47 p {color:#000000;}<\/style>\t<\/div>\n    \n\n          <div id=\"panel-4953-0-0-2\" class=\"so-panel widget widget_virtue_infobox_widget virtue_infobox_widget panel-last-child\" data-index=\"2\" >\t\t<div class=\"kad-info-box kad-info-box-55  clearfix\" style=\"background:#f2f2f2\">\n\t\t \n\t\t\t\t<i class=\"icon-bag2 kad-circle-iconclass\" style=\"background:#81d742; font-size:48px; color:#ffffff\"><\/i>\n\t\t <h4>Packaging<\/h4> <p>Multitud de formas y dise\u00f1os de cajas decorativas, elija el modelo que considere oprtuno con nuestras plantillas disponibles y la decoraci\u00f3n m\u00e1s acorde con sus fantasias y se la decoraremos<\/p>\t<\/div>\n\t<style type=\"text\/css\" media=\"screen\">.kad-info-box-55 h1, .kad-info-box-55 h2, .kad-info-box-55 h3, .kad-info-box-55 h4, .kad-info-box-55 h5, .kad-info-box-55 p {color:#000000;}<\/style>\t<\/div>\n    <\/div><div id=\"pgc-4953-0-1\"  class=\"panel-grid-cell\" >\n\n          <div id=\"panel-4953-0-1-0\" class=\"so-panel widget widget_virtue_infobox_widget virtue_infobox_widget panel-first-child\" data-index=\"3\" >\t\t<div class=\"kad-info-box kad-info-box-32  clearfix\" style=\"background:#f2f2f2\">\n\t\t \n\t\t\t\t<i class=\"icon-book kad-circle-iconclass\" style=\"background:#81d742; font-size:48px; color:#ffffff\"><\/i>\n\t\t <h4>Encuadernaciones<\/h4> <p>Elija el sistema de encuadernaci\u00f3n m\u00e1s adecuado a su proyecto entre las m\u00fatiples soluciones disponibles: fresado y encolado, con espiral, grapado o cosido (encuadernacion por excelencia...)<\/p>\t<\/div>\n\t<style type=\"text\/css\" media=\"screen\">.kad-info-box-32 h1, .kad-info-box-32 h2, .kad-info-box-32 h3, .kad-info-box-32 h4, .kad-info-box-32 h5, .kad-info-box-32 p {color:#000000;}<\/style>\t<\/div>\n    \n\n          <div id=\"panel-4953-0-1-1\" class=\"so-panel widget widget_virtue_infobox_widget virtue_infobox_widget\" data-index=\"4\" >\t\t<div class=\"kad-info-box kad-info-box-79  clearfix\" style=\"background:#f2f2f2\">\n\t\t \n\t\t\t\t<i class=\"icon-expand kad-circle-iconclass\" style=\"background:#81d742; font-size:48px; color:#ffffff\"><\/i>\n\t\t <h4>Expositores<\/h4> <p>Amplia variedad de modelos para sobre mesa, suelo, roll-up y banderolas. Gran parte de los expositores van dotados de funda para facilitar su transporte, elija el m\u00e1s apropiado a sus necesidades<\/p>\t<\/div>\n\t<style type=\"text\/css\" media=\"screen\">.kad-info-box-79 h1, .kad-info-box-79 h2, .kad-info-box-79 h3, .kad-info-box-79 h4, .kad-info-box-79 h5, .kad-info-box-79 p {color:#000000;}<\/style>\t<\/div>\n    \n\n          <div id=\"panel-4953-0-1-2\" class=\"so-panel widget widget_virtue_infobox_widget virtue_infobox_widget panel-last-child\" data-index=\"5\" >\t\t<div class=\"kad-info-box kad-info-box-57  clearfix\" style=\"background:#f2f2f2\">\n\t\t \n\t\t\t\t<i class=\"icon-images kad-circle-iconclass\" style=\"background:#81d742; font-size:48px; color:#ffffff\"><\/i>\n\t\t <h4>Decoraci\u00f3n<\/h4> <p>Objetos simples de gran efecto para decoraci\u00f3n de interiores, para decorar de un modo original cualquier tipo de espacio. Placas, foto cuadros, canvas, caja vinilos adhesivos, revisteros, etc...<\/p>\t<\/div>\n\t<style type=\"text\/css\" media=\"screen\">.kad-info-box-57 h1, .kad-info-box-57 h2, .kad-info-box-57 h3, .kad-info-box-57 h4, .kad-info-box-57 h5, .kad-info-box-57 p {color:#000000;}<\/style>\t<\/div>\n    <\/div><div id=\"pgc-4953-0-2\"  class=\"panel-grid-cell\" >\n\n          <div id=\"panel-4953-0-2-0\" class=\"so-panel widget widget_virtue_infobox_widget virtue_infobox_widget panel-first-child\" data-index=\"6\" >\t\t<div class=\"kad-info-box kad-info-box-71  clearfix\" style=\"background:#f2f2f2\">\n\t\t \n\t\t\t\t<i class=\"icon-profile kad-circle-iconclass\" style=\"background:#81d742; font-size:48px; color:#ffffff\"><\/i>\n\t\t <h4>Gran formato<\/h4> <p>Variedad de materiales para sus grandes impresiones: soportes r\u00edgidos, lonas, pvc. vinilos adhesivos, carton pluma, poster de alta calidad, aluminio, madera, banderas y mucho m\u00e1s...<\/p>\t<\/div>\n\t<style type=\"text\/css\" media=\"screen\">.kad-info-box-71 h1, .kad-info-box-71 h2, .kad-info-box-71 h3, .kad-info-box-71 h4, .kad-info-box-71 h5, .kad-info-box-71 p {color:#000000;}<\/style>\t<\/div>\n    \n\n          <div id=\"panel-4953-0-2-1\" class=\"so-panel widget widget_virtue_infobox_widget virtue_infobox_widget\" data-index=\"7\" >\t\t<div class=\"kad-info-box kad-info-box-35  clearfix\" style=\"background:#f2f2f2\">\n\t\t \n\t\t\t\t<i class=\"icon-scissors kad-circle-iconclass\" style=\"background:#81d742; font-size:48px; color:#ffffff\"><\/i>\n\t\t <h4>Telas<\/h4> <p>Libere su fantas\u00eda con productos en tela: banderas, bolsos, camisetas, banderas nacionales e internacionales, lienzos \/ canvas; personalice con excelente calidad de impresi\u00f3n<\/p>\t<\/div>\n\t<style type=\"text\/css\" media=\"screen\">.kad-info-box-35 h1, .kad-info-box-35 h2, .kad-info-box-35 h3, .kad-info-box-35 h4, .kad-info-box-35 h5, .kad-info-box-35 p {color:#000000;}<\/style>\t<\/div>\n    \n\n          <div id=\"panel-4953-0-2-2\" class=\"so-panel widget widget_virtue_infobox_widget virtue_infobox_widget panel-last-child\" data-index=\"8\" >\t\t<div class=\"kad-info-box kad-info-box-25  clearfix\" style=\"background:#f2f2f2\">\n\t\t \n\t\t\t\t<i class=\"icon-food2 kad-circle-iconclass\" style=\"background:#81d742; font-size:48px; color:#ffffff\"><\/i>\n\t\t <h4>Hosteler\u00eda<\/h4> <p>Le ofrecemos una selecci\u00f3n de productos para la restauraci\u00f3n aptos para cada necesidad, desde el bar o cafeter\u00eda hasta el restaurante, personalizables con su gr\u00e1fica dando un toque especial<\/p>\t<\/div>\n\t<style type=\"text\/css\" media=\"screen\">.kad-info-box-25 h1, .kad-info-box-25 h2, .kad-info-box-25 h3, .kad-info-box-25 h4, .kad-info-box-25 h5, .kad-info-box-25 p {color:#000000;}<\/style>\t<\/div>\n    <\/div><\/div><\/div>","protected":false},"excerpt":{"rendered":"<p>Formato Peque\u00f1o Aqui podr\u00e1 encargar: libros, revistas, cat\u00e1logos, folletos plegados, flyers, invitaciones. etiquetas y cualquier otra impresi\u00f3n necesaria para sus comunicaciones privadas o profesionales. Imp. metalizada Impresi\u00f3n con acabado metalizado para un mayor impacto. Productos en cart\u00f3n con acabado metalizado, posible efecto &hellip; <a class=\"kt-excerpt-readmore\" href=\"https:\/\/www.papeleriacomplutense.com\/?page_id=4953\" aria-label=\"Publicidad\">Leer m\u00e1s<\/a><\/p>\n","protected":false},"author":1,"featured_media":0,"parent":0,"menu_order":0,"comment_status":"open","ping_status":"open","template":"page-fullwidth.php","meta":{"kt_blocks_editor_width":"","_kad_blocks_custom_css":"","_kad_blocks_head_custom_js":"","_kad_blocks_body_custom_js":"","_kad_blocks_footer_custom_js":"","footnotes":""},"class_list":["post-4953","page","type-page","status-publish","hentry"],"taxonomy_info":[],"featured_image_src_large":false,"author_info":{"display_name":"admin","author_link":"https:\/\/www.papeleriacomplutense.com\/?author=1"},"comment_info":0,"jetpack_sharing_enabled":true,"jetpack_shortlink":"https:\/\/wp.me\/P5rQs6-1hT","_links":{"self":[{"href":"https:\/\/www.papeleriacomplutense.com\/index.php?rest_route=\/wp\/v2\/pages\/4953","targetHints":{"allow":["GET"]}}],"collection":[{"href":"https:\/\/www.papeleriacomplutense.com\/index.php?rest_route=\/wp\/v2\/pages"}],"about":[{"href":"https:\/\/www.papeleriacomplutense.com\/index.php?rest_route=\/wp\/v2\/types\/page"}],"author":[{"embeddable":true,"href":"https:\/\/www.papeleriacomplutense.com\/index.php?rest_route=\/wp\/v2\/users\/1"}],"replies":[{"embeddable":true,"href":"https:\/\/www.papeleriacomplutense.com\/index.php?rest_route=%2Fwp%2Fv2%2Fcomments&post=4953"}],"version-history":[{"count":21,"href":"https:\/\/www.papeleriacomplutense.com\/index.php?rest_route=\/wp\/v2\/pages\/4953\/revisions"}],"predecessor-version":[{"id":7379,"href":"https:\/\/www.papeleriacomplutense.com\/index.php?rest_route=\/wp\/v2\/pages\/4953\/revisions\/7379"}],"wp:attachment":[{"href":"https:\/\/www.papeleriacomplutense.com\/index.php?rest_route=%2Fwp%2Fv2%2Fmedia&parent=4953"}],"curies":[{"name":"wp","href":"https:\/\/api.w.org\/{rel}","templated":true}]}}