{"id":41,"date":"2014-10-05T23:41:26","date_gmt":"2014-10-05T23:41:26","guid":{"rendered":"http:\/\/www.papeleriacomplutense.com\/blog\/?page_id=41"},"modified":"2020-06-07T20:37:02","modified_gmt":"2020-06-07T20:37:02","slug":"contacto","status":"publish","type":"page","link":"https:\/\/www.papeleriacomplutense.com\/?page_id=41","title":{"rendered":"Contacto"},"content":{"rendered":"<p><strong>PAPELER\u00cdA COMPLUTENSE<\/strong><br \/>\nC\/ Ba\u00f1os, 22<br \/>\n02005 &#8211; Albacete<br \/>\nTfn: 967 217 809<\/p>\n<div class=\"hrule_gradient\"><\/div>\n<h5><em><span style=\"color: #800000;\"><strong>HORARIO DE ATENCI\u00d3N AL CLIENTE<\/strong><\/span><br \/>\n<\/em><\/h5>\n\n<ul class=\"nav nav-tabs sc_tabs\"><li class=\"\"><a href=\"#sctab9970\" rel=\"nofollow\">Lunes a Viernes<\/a><\/li>\n<li class=\"\"><a href=\"#sctab9971\" rel=\"nofollow\">S\u00e1bados<\/a><\/li>\n<li class=\"\"><a href=\"#sctab9972\" rel=\"nofollow\">Domingos y Festivos<\/a><\/li><\/ul> <div class=\"tab-content postclass\"><div class=\"tab-pane clearfix \" id=\"sctab9970\">\n<strong>Ma\u00f1anas:<\/strong> de 9:30 h. a 13:45 h.<\/p>\n<p><strong>Tardes:<\/strong> de 17:00 h. a 20:30 h.<br \/>\n<\/div>\n<div class=\"tab-pane clearfix \" id=\"sctab9971\">\n<strong>Ma\u00f1anas:<\/strong> de 10:00 h. 13:30 h<\/p>\n<p><strong>Tardes<\/strong>: <strong><span style=\"color: #ff0000;\">CERRADO<\/span><\/strong><br \/>\n<\/div>\n<div class=\"tab-pane clearfix \" id=\"sctab9972\">\n<span style=\"color: #ff0000;\"><strong>CERRADO<\/strong><\/span><br \/>\n<\/div><\/div>\n\n<div class=\"hrule_gradient\"><\/div>\n\n<div class=\"panel-group\" id=\"accordionname48\"><div class=\"panel panel-default panel-even\"><div class=\"panel-heading\"><a class=\"accordion-toggle collapsed\" data-toggle=\"collapse\" data-parent=\"#accordionname48\" href=\"#collapse480\"><h5><i class=\"icon-minus primary-color\"><\/i><i class=\"icon-plus\"><\/i>advertencia legal<\/h5><\/a><\/div><div id=\"collapse480\" class=\"panel-collapse collapse \"><div class=\"panel-body postclass\">\nDe acuerdo con lo establecido en la Ley Org\u00e1nica 15\/1999 de Protecci\u00f3n de Datos de Car\u00e1cter Personal, el usuario registrado o no registrado que consigne sus datos identificativos a fin de realizar una determinada consulta, compra, o pedido, queda informado, acepta las condiciones establecidas en el formulario de recogida de datos, y presta todos los consentimientos requeridos al pinchar en el bot\u00f3n \u201cENVIAR\u201d, en virtud de lo cual queda informado de la incorporaci\u00f3n de sus datos personales a los ficheros automatizados existentes en <em><strong>PAPELERIA COMPLUTENSE<\/strong><\/em>, datos que se conservar\u00e1n en dicha empresa con car\u00e1cter confidencial. Su finalidad est\u00e1 en el buen funcionamiento de la gesti\u00f3n comercial, administrativa y contable de dicha empresa. El usuario responder\u00e1 de la veracidad de los datos facilitados, inform\u00e1ndosele en este acto que le asisten en todo momento los derechos de acceso, modificaci\u00f3n, oposici\u00f3n y cancelaci\u00f3n; los cuales podr\u00e1 ejercitar mediante petici\u00f3n escrita por parte del interesado dirigida a PAPELERIA COMPLUTENSE. a cursar directamente en las oficinas comerciales de la empresa, sitas en calle BA\u00d1OS num. 22, O2OO5 Albacete.<br \/>\n<\/div><\/div><\/div>\n<div class=\"panel panel-default panel-odd\"><div class=\"panel-heading\"><a class=\"accordion-toggle collapsed\" data-toggle=\"collapse\" data-parent=\"#accordionname48\" href=\"#collapse481\"><h5><i class=\"icon-minus primary-color\"><\/i><i class=\"icon-plus\"><\/i>Uso exclusivo<\/h5><\/a><\/div><div id=\"collapse481\" class=\"panel-collapse collapse \"><div class=\"panel-body postclass\">\nEl uso del presente formulario es exclusivo para hacer cualquier consulta referida a informaci\u00f3n que quiera solicitarnos.<\/p>\n<p>En nuestra web <span style=\"color: #008000;\">encontrar\u00e1 otros formularios<\/span> adaptados a los servicios que prestamos.<br \/>\n<\/div><\/div><\/div>\n<div class=\"panel panel-default panel-even\"><div class=\"panel-heading\"><a class=\"accordion-toggle collapsed\" data-toggle=\"collapse\" data-parent=\"#accordionname48\" href=\"#collapse482\"><h5><i class=\"icon-minus primary-color\"><\/i><i class=\"icon-plus\"><\/i>Respuesta<\/h5><\/a><\/div><div id=\"collapse482\" class=\"panel-collapse collapse \"><div class=\"panel-body postclass\">\nNo dude de que le atenderemos a la mayor brevedad posible, no obstante si requiere una respuesta inmediata, llame por tel\u00e9fono al n\u00famero gratuito: <strong>967 217 809<\/strong>.<br \/>\n<\/div><\/div><\/div><\/div>\n\n<div class=\"hrule_gradient\"><\/div>\n","protected":false},"excerpt":{"rendered":"<p>PAPELER\u00cdA COMPLUTENSE C\/ Ba\u00f1os, 22 02005 &#8211; Albacete Tfn: 967 217 809 HORARIO DE ATENCI\u00d3N AL CLIENTE<\/p>\n","protected":false},"author":1,"featured_media":29,"parent":0,"menu_order":0,"comment_status":"open","ping_status":"open","template":"page-contact.php","meta":{"kt_blocks_editor_width":"","_kad_blocks_custom_css":"","_kad_blocks_head_custom_js":"","_kad_blocks_body_custom_js":"","_kad_blocks_footer_custom_js":"","footnotes":""},"class_list":["post-41","page","type-page","status-publish","has-post-thumbnail","hentry"],"taxonomy_info":[],"featured_image_src_large":["https:\/\/www.papeleriacomplutense.com\/wp-content\/uploads\/2014\/10\/logo11.jpg",51,47,false],"author_info":{"display_name":"admin","author_link":"https:\/\/www.papeleriacomplutense.com\/?author=1"},"comment_info":0,"jetpack_sharing_enabled":true,"jetpack_shortlink":"https:\/\/wp.me\/P5rQs6-F","_links":{"self":[{"href":"https:\/\/www.papeleriacomplutense.com\/index.php?rest_route=\/wp\/v2\/pages\/41","targetHints":{"allow":["GET"]}}],"collection":[{"href":"https:\/\/www.papeleriacomplutense.com\/index.php?rest_route=\/wp\/v2\/pages"}],"about":[{"href":"https:\/\/www.papeleriacomplutense.com\/index.php?rest_route=\/wp\/v2\/types\/page"}],"author":[{"embeddable":true,"href":"https:\/\/www.papeleriacomplutense.com\/index.php?rest_route=\/wp\/v2\/users\/1"}],"replies":[{"embeddable":true,"href":"https:\/\/www.papeleriacomplutense.com\/index.php?rest_route=%2Fwp%2Fv2%2Fcomments&post=41"}],"version-history":[{"count":15,"href":"https:\/\/www.papeleriacomplutense.com\/index.php?rest_route=\/wp\/v2\/pages\/41\/revisions"}],"predecessor-version":[{"id":7433,"href":"https:\/\/www.papeleriacomplutense.com\/index.php?rest_route=\/wp\/v2\/pages\/41\/revisions\/7433"}],"wp:featuredmedia":[{"embeddable":true,"href":"https:\/\/www.papeleriacomplutense.com\/index.php?rest_route=\/wp\/v2\/media\/29"}],"wp:attachment":[{"href":"https:\/\/www.papeleriacomplutense.com\/index.php?rest_route=%2Fwp%2Fv2%2Fmedia&parent=41"}],"curies":[{"name":"wp","href":"https:\/\/api.w.org\/{rel}","templated":true}]}}